y z(-7).
10
Calculate the remainder when 180 is divided by 300/3150 + 1004/42.
12
Suppose 2*h + 0*m = -5*m + 119, 2*m - 59 = -h. Let k(q) = q**3 - 59*q**2 + 54*q + 247. Calculate the remainder when h is divided by k(58).
12
Suppose 15*l - 607 = -4*r + 16*l, 5*r + l - 770 = 0. Calculate the remainder when r is divided by 53.
47
Let b = -21 - 3. Let g = -11 - b. What is the remainder when 48 is divided by g?
9
Suppose 0 = -x, -x = -3*k - 4*x + 828. What is the remainder when k is divided by 31?
28
Let u = 92 + -28. Let y(f) = -f**3 - 2*f**2 + 13*f + 13. What is the remainder when u is divided by y(-5)?
18
Suppose -2*b = -2, -12 = -5*w - b + 14. Suppose 3*u + 40 = w*u. Suppose n + 3*c - 12 = -2*n, -u = -5*n - c. Calculate the remainder when n is divided by 2.
0
Calculate the remainder when ((-2)/(-6))/(197158/13143 + -15) is divided by 13.
12
Let c be 2/1*(9 - 2). Let b = -351 + 349. Let y = b + c. Calculate the remainder when 46 is divided by y.
10
Let x be 12/36 + (-23)/(-3). Suppose -z + 8 = -4. Suppose h + x = z. Calculate the remainder when 10 is divided by h.
2
Calculate the remainder when -2*(1 + 2) + (24 - -46) is divided by 30.
4
Let r = -49 + 64. What is the remainder when (207/12)/(r/40) is divided by 12?
10
Let u(j) = j**3 + 13*j**2 - 4*j - 11. Let t be u(-13). Let f = 75 - t. What is the remainder when 135 is divided by f?
33
Let h(z) = 765*z + 6. Let d be h(6). What is the remainder when d/84 + 2/7 is divided by 14?
13
Let h(k) = -3*k + 15. Let x be h(6). What is the remainder when -150*(x + 21/6 + -1) is divided by 38?
37
Let a = 1655 - 433. Calculate the remainder when a is divided by 24.
22
Let d(s) be the first derivative of -9*s**2/2 + s + 9. Calculate the remainder when d(-4) is divided by 20.
17
Let v(l) = l**2 + 22*l + 61. Let p = 4 + -4. Let w(z) = -z**2 + 9. What is the remainder when w(p) is divided by v(-19)?
1
Let l be (0 - 25)*(-27 + 23). Suppose -3*w + l = w. Calculate the remainder when w is divided by 13.
12
Let d = -28 - -28. Suppose d*u = -5*u + 105. Suppose 0 = k - 2*k + 41. What is the remainder when k is divided by u?
20
Suppose -r = -4*q + 181, 0*r = -q - 2*r + 43. What is the remainder when 167 is divided by q?
32
What is the remainder when 98 is divided by (18/12)/(6/(-8)) - -29?
17
Let x = 96 + -72. Suppose 5*m + 5 = 0, 0 = -4*a - 0*a - 5*m + 271. What is the remainder when a is divided by x?
21
Let t(g) = g + 36. Let j be t(15). Let u = 60 - j. What is the remainder when 26 is divided by u?
8
Suppose 4*z + 4*k = 4 - 0, k + 7 = z. Suppose -4*y - 2*l + 392 = 0, -z*y - 3*l = 2*l - 392. Let m = y - 65. Calculate the remainder when m is divided by 18.
15
Suppose -7*j + 66 + 39 = 0. Suppose -a = -4*a + j. What is the remainder when 6 is divided by a?
1
Let u(d) = 4*d**2 + 3*d - 1. Suppose -3*f - 2 = -f + 3*h, -2*f - 2*h = 0. Let w be u(f). Let g = 34 - w. What is the remainder when 21 is divided by g?
8
Suppose v - 2*r - 64 = 0, 0 = -4*v - 6*r + 9*r + 251. What is the remainder when v is divided by 12?
2
Let g(z) = z**2 + z + 403. What is the remainder when g(0) is divided by 58?
55
Let h = 11 - 9. Suppose -3*k + 154 = 4*g + g, -h*g = 2*k - 96. Let o = k - 28. Calculate the remainder when 58 is divided by o.
13
Let g be 24/32 + (-83)/4. Calculate the remainder when 93 is divided by (64/g)/(5/(-50)).
29
Calculate the remainder when 107*(10 - (18 + -9)) is divided by 52.
3
Suppose 0 = -5*o - 5*i + 7*i + 6, 4*o = -i + 10. Calculate the remainder when (1281/(-42))/((-1)/o) is divided by 21.
19
Let u = -9 + 6. What is the remainder when 5 is divided by (10/u)/((-8)/12)?
0
Let m(z) = -3*z**3 - 3*z**2 + 47*z + 6. Calculate the remainder when 242 is divided by m(-5).
29
Calculate the remainder when -6*-3*(-1895)/(-45) is divided by 17.
10
Suppose 3*d = -t + 208, 26*d = 21*d + 3*t + 370. What is the remainder when d is divided by 48?
23
Suppose 7 - 22 = -3*r. Suppose -2*s = 3*o - r*s - 156, 5*o + 3*s = 276. Calculate the remainder when -2*(-6)/4 + o is divided by 12.
9
Suppose -h - 4*h - 170 = 0. Let x = 126 + h. Suppose -7*v + x = -3*v. Calculate the remainder when 67 is divided by v.
21
What is the remainder when 78/2*(-25)/(-15) is divided by 2/6 + -130*(-3)/18?
21
Suppose 0 + 34 = -2*b. Let q = b - -13. Calculate the remainder when 14 is divided by q/(-10) + 114/15.
6
Let d = 0 + -2. Calculate the remainder when 209 is divided by 2/((-432)/(-212) + d).
50
Let q be (-18)/4*-6 - -1. Suppose 4*s - 60 = q. What is the remainder when s is divided by -8*1*2/(-2)?
6
Suppose -46 = -8*c + 98. Let q = 121 - 94. Calculate the remainder when q is divided by c.
9
Let y = 25 + -11. Calculate the remainder when y is divided by (-2)/14 + (-406)/(-98).
2
Calculate the remainder when 21810/(-40)*(-8)/6 is divided by 56.
55
Let y(z) = -118*z**3 + z + 1. What is the remainder when y(-1) is divided by 46?
26
Let v be (56/(-6))/4*-3. Let h = v - -9. What is the remainder when (30/7)/(2/14) is divided by h?
14
Suppose 5*u + j + 333 = -0*j, 4*u + 262 = -3*j. Let o = -67 + u. What is the remainder when (o/5)/(8/(-20)) is divided by 35?
32
Let b = 25 - 23. Let u = b + 14. Calculate the remainder when u is divided by 3.
1
Suppose 3*v = 4*v + 17. Let r = v - -16. What is the remainder when 92 is divided by -7 - -41 - (2 - r)?
30
Suppose -6*j - 2 = -8*j. Suppose 0 = -p + 7 + 11. What is the remainder when p is divided by (((-220)/(-16))/(-11))/(j/(-8))?
8
What is the remainder when 202 is divided by (-151)/(-7) - 3*(-24)/(-126)?
13
Suppose -2*a + 26 = 3*h, -4*h - 2*a = -5*a - 63. Let z(r) = 2*r**3 - 2*r**2 + 1. Let g be z(-1). What is the remainder when (g - 0 - 0) + 38 is divided by h?
11
Suppose -64*d = -115*d + 1122. Suppose -3*a - 215 = -u - 4*u, 0 = -3*a. Calculate the remainder when u is divided by d.
21
Suppose -2*g + 0*b - 2*b = -10, -3*g + 19 = 5*b. Suppose g*d = 3*w - 42, -5*w - 3*d = d - 61. Calculate the remainder when w is divided by 3/(-6)*(47 - 55).
1
Let w(c) be the third derivative of -5*c**4/3 - c**3/2 - 2*c**2. Suppose -71 - 9 = -5*j. Calculate the remainder when w(-2) is divided by j.
13
Let a(o) = o + 11. Suppose 0*m + m + d = -9, 5*m = 2*d - 31. Let r be a(m). Suppose -27 = b - r*b. Calculate the remainder when b is divided by 2.
1
Suppose -w = 4, 0*w + 2*w - 37 = -5*b. Suppose -4*u - 3*m - 2 = 0, 5*m + 1 + 9 = 0. Calculate the remainder when u is divided by (b/6 + -1)*2.
0
Suppose -4*y + 17 = b, -3*b + 4*y + 51 = -y. Let l = -10 + 13. Suppose 0 = 5*c - 4*h - 29, 3*h - 39 = -l*c. Calculate the remainder when b is divided by c.
8
Let v be ((-126)/(-35))/((-4)/(-20)). Suppose 6*p - 60 = v. Calculate the remainder when 37 is divided by p.
11
Let w(f) = 53*f + 460. What is the remainder when 708 is divided by w(-6)?
140
What is the remainder when 3624 is divided by (0 - 117/(-6))*(-20)/(-30)?
10
Calculate the remainder when 84/1 - (4 - 0 - 1) is divided by 70.
11
Let w(v) = -v + 1. Let n(k) = 5*k - 3. Let h(o) = 2*n(o) + 9*w(o). Let g be h(3). Suppose -u + 18 = g. Calculate the remainder when u is divided by 5.
2
Calculate the remainder when (0 - -900)*40/60 is divided by 43.
41
Let c = -55 + 96. Calculate the remainder when -8 + 0 + (200 - (3 - 12)) is divided by c.
37
Let v = 199 - 167. What is the remainder when 78 is divided by v?
14
Let l = 400 + -192. What is the remainder when l is divided by 21?
19
Let q = 3 - -1. Suppose 10 = q*c - 102. What is the remainder when 232/7 + (-4)/c is divided by 17?
16
Let n(d) = -6*d + 7*d**2 + 2*d + d**3 + 7*d - 2. Let m be n(-6). What is the remainder when 25 is divided by m*1/2 + 1?
7
Let p = 95 - 30. What is the remainder when 907 is divided by p?
62
Let i be -1*(-125 + 1 + -3). Suppose -2*k + 4*s + 122 = 0, -2*k + 2*s = -s - i. What is the remainder when k is divided by 18?
17
Let n(k) = k**2 + 12*k - 28. What is the remainder when (44 - 0/1) + 1 is divided by n(3)?
11
Let t(d) = -d**2 + 12*d - 9. Let r be t(11). Suppose a = 3*v - 32, -v = 2*a + 2*a - 28. What is the remainder when v is divided by 7/(r + (1 - 2))?
5
Let y(u) = -6*u - 6. Let w = -1 + 3. Suppose -w*p = -4*p + 46. Calculate the remainder when p is divided by y(-3).
11
Let q(w) = -3*w**3 + 2*w**2 - 2*w + 6. Let b be q(2). Let h = b + 24. Calculate the remainder when 79 is divided by h.
9
Let b be ((-36)/(-8))/(-9)*2